the remainder when 19733 is divided by 78?
77
Calculate the remainder when 986 is divided by 324.
14
What is the remainder when 58423 is divided by 584?
23
Calculate the remainder when 5048 is divided by 1606.
230
What is the remainder when 148558 is divided by 20?
18
Calculate the remainder when 8256 is divided by 191.
43
What is the remainder when 2100 is divided by 39?
33
Calculate the remainder when 7617 is divided by 1904.
1
What is the remainder when 62403 is divided by 17?
13
Calculate the remainder when 50023 is divided by 25.
23
Calculate the remainder when 1637 is divided by 55.
42
Calculate the remainder when 1490 is divided by 25.
15
Calculate the remainder when 6846 is divided by 15.
6
Calculate the remainder when 754364 is divided by 652.
0
What is the remainder when 73310 is divided by 1222?
1212
Calculate the remainder when 16930 is divided by 5640.
10
What is the remainder when 2853194 is divided by 54?
50
What is the remainder when 4303 is divided by 1069?
27
What is the remainder when 20282 is divided by 147?
143
What is the remainder when 1106 is divided by 452?
202
What is the remainder when 49018 is divided by 34?
24
Calculate the remainder when 54479 is divided by 218.
197
What is the remainder when 605330 is divided by 100?
30
Calculate the remainder when 199 is divided by 194.
5
Calculate the remainder when 23429 is divided by 202.
199
Calculate the remainder when 237444 is divided by 22.
20
Calculate the remainder when 581331 is divided by 58.
55
Calculate the remainder when 313 is divided by 112.
89
What is the remainder when 18741 is divided by 4501?
737
Calculate the remainder when 20176 is divided by 136.
48
What is the remainder when 11101 is divided by 39?
25
Calculate the remainder when 73565 is divided by 121.
118
Calculate the remainder when 2303 is divided by 110.
103
What is the remainder when 66746 is divided by 51?
38
What is the remainder when 1983 is divided by 34?
11
Calculate the remainder when 36168 is divided by 336.
216
Calculate the remainder when 20050 is divided by 952.
58
Calculate the remainder when 794 is divided by 38.
34
What is the remainder when 11904 is divided by 5949?
6
What is the remainder when 1080 is divided by 215?
5
Calculate the remainder when 41612 is divided by 306.
302
Calculate the remainder when 3389 is divided by 676.
9
Calculate the remainder when 15344 is divided by 138.
26
Calculate the remainder when 193847 is divided by 48456.
23
Calculate the remainder when 2420 is divided by 297.
44
Calculate the remainder when 61260 is divided by 336.
108
Calculate the remainder when 32054 is divided by 416.
22
Calculate the remainder when 4405 is divided by 315.
310
What is the remainder when 351864 is divided by 43983?
0
Calculate the remainder when 5731 is divided by 35.
26
Calculate the remainder when 1043649 is divided by 187.
2
Calculate the remainder when 29512 is divided by 2180.
1172
What is the remainder when 3612 is divided by 73?
35
What is the remainder when 37376 is divided by 70?
66
Calculate the remainder when 16200 is divided by 39.
15
Calculate the remainder when 6021 is divided by 204.
105
Calculate the remainder when 299 is divided by 7.
5
Calculate the remainder when 101299 is divided by 101.
97
What is the remainder when 97262 is divided by 174?
170
What is the remainder when 7068 is divided by 41?
16
Calculate the remainder when 1319697 is divided by 609.
603
What is the remainder when 276288 is divided by 6738?
30
What is the remainder when 13702 is divided by 89?
85
What is the remainder when 2305 is divided by 761?
22
What is the remainder when 6291 is divided by 785?
11
What is the remainder when 12637 is divided by 383?
381
What is the remainder when 33796 is divided by 384?
4
What is the remainder when 15286 is divided by 376?
246
Calculate the remainder when 48621 is divided by 8083.
123
Calculate the remainder when 27810 is divided by 927.
0
What is the remainder when 1107039 is divided by 187?
186
What is the remainder when 48671 is divided by 366?
359
What is the remainder when 9837 is divided by 757?
753
Calculate the remainder when 19315 is divided by 12.
7
What is the remainder when 1267 is divided by 175?
42
Calculate the remainder when 312 is divided by 307.
5
What is the remainder when 35200 is divided by 4380?
160
Calculate the remainder when 2588636 is divided by 30.
26
Calculate the remainder when 593953 is divided by 427.
423
Calculate the remainder when 102479 is divided by 336.
335
Calculate the remainder when 167 is divided by 81.
5
What is the remainder when 1422 is divided by 14?
8
What is the remainder when 9757 is divided by 249?
46
Calculate the remainder when 10454 is divided by 7.
3
What is the remainder when 26110 is divided by 24?
22
What is the remainder when 29230 is divided by 232?
230
Calculate the remainder when 1144 is divided by 182.
52
What is the remainder when 43636 is divided by 21810?
16
Calculate the remainder when 186298 is divided by 230.
228
Calculate the remainder when 555 is divided by 305.
250
What is the remainder when 196901 is divided by 13126?
11
Calculate the remainder when 155258 is divided by 119.
82
Calculate the remainder when 13409 is divided by 21.
11
What is the remainder when 1344 is divided by 231?
189
Calculate the remainder when 9193 is divided by 322.
177
Calculate the remainder when 35226 is divided by 11729.
39
Calculate the remainder when 11158 is divided by 1.
0
What is the remainder when 11148 is divided by 413?
410
Calculate the remainder when 13056 is divided by 543.
24
Calculate the remainder when 4281 is divided by 976.
377
Calculate the remainder when 379246 is divided by 31603.
10
Calculate the remainder when 572165 is divided by 119.
13
Calculate the remainder when 1508 is divided by 468.
104
What is the remainder when 85403 is divided by 42687?
29
What is the remainder when 1537 is divided by 5?
2
Calculate the remainder when 24787 is divided by 13.
9
What is the remainder when 13012 is divided by 186?
178
What is the remainder when 520958 is divided by 44?
42
What is the remainder when 6139 is divided by 785?
644
Calculate the remainder when 13955 is divided by 936.
851
Calculate the remainder when 3390782 is divided by 4.
2
What is the remainder when 58412 is divided by 8324?
144
What is the remainder when 29756 is divided by 9913?
17
Calculate the remainder when 1181431 is divided by 146.
145
What is the remainder when 436497 is divided by 125?
122
Calculate the remainder when 23888 is divided by 50.
38
What is the remainder when 208613 is divided by 1038?
1013
Calculate the remainder when 397 is divided by 301.
96
Calculate the remainder when 7408 is divided by 195.
193
What is the remainder when 1869 is divided by 758?
353
What is the remainder when 16412 is divided by 1171?
18
What is the remainder when 79401 is divided by 401?
3
Calculate the remainder when 3110 is divided by 719.
234
What is the remainder when 359648 is divided by 82?
78
What is the remainder when 67722 is divided by 35?
32
What is the remainder when 6697 is divided by 748?
713
Calculate the remainder when 76789 is divided by 189.
55
Calculate the remainder when 187315 is divided by 15.
10
What is the remainder when 74725 is divided by 489?
397
Calculate the remainder when 305 is divided by 146.
13
Calculate the remainder when 3404 is divided by 425.
4
What is the remainder when 5897 is divided by 5892?
5
What is the remainder when 967 is divided by 117?
31
What is the remainder when 1311544 is divided by 437180?
4
Calculate the remainder when 330859 is divided by 355.
354
What is the remainder when 21776 is divided by 8?
0
What is the remainder when 4175 is divided by 2066?
43
Calculate the remainder when 2425 is divided by 447.
190
Calculate the remainder when 479 is divided by 329.
150
Calculate the remainder when 94245 is divided by 462.
459
What is the remainder when 1223 is divided by 610?
3
What is the remainder when 29466 is divided by 8?
2
What is the remainder when 28231 is divided by 13995?
241
Calculate the remainder when 4455 is divided by 37.
15
What is the remainder when 16166 is divided by 133?
73
What is the remainder when 239422 is divided by 692?
682
Calculate the remainder when 20